{"id":2889,"date":"2020-01-10T15:43:17","date_gmt":"2020-01-10T08:43:17","guid":{"rendered":"https:\/\/digitalfinance.org.vn\/2024\/?page_id=2889"},"modified":"2024-06-17T03:27:56","modified_gmt":"2024-06-16T20:27:56","slug":"tong-quan-su-kien","status":"publish","type":"page","link":"https:\/\/digitalfinance.org.vn\/2024\/tong-quan\/tong-quan-su-kien\/","title":{"rendered":"T\u1ed5ng quan s\u1ef1 ki\u1ec7n"},"content":{"rendered":"\t<section class=\"section dark\" id=\"section_45094400\">\n\t\t<div class=\"bg section-bg fill bg-fill  \" >\n\n\t\t\t\n\t\t\t<div class=\"section-bg-overlay absolute fill\"><\/div>\n\t\t\t\n\n\t\t<\/div><!-- .section-bg -->\n\n\t\t<div class=\"section-content relative\">\n\t\t\t\n<div class=\"row\"  id=\"row-786423363\">\n<div class=\"col pb-0 small-12 large-12\"  ><div class=\"col-inner\"  >\n\t<div id=\"gap-67292547\" class=\"gap-element clearfix\" style=\"display:block; height:auto;\">\n\t\t\n<style scope=\"scope\">\n\n#gap-67292547 {\n  padding-top: 20px;\n}\n<\/style>\n\t<\/div>\n\t\n<h3 class=\"ss-title\">T\u1ed4NG QUAN S\u1ef0 KI\u1ec6N<\/h3>\n<\/div><\/div>\n<\/div>\n\t\t<\/div><!-- .section-content -->\n\n\t\t\n<style scope=\"scope\">\n\n#section_45094400 {\n  padding-top: 100px;\n  padding-bottom: 100px;\n}\n#section_45094400 .section-bg-overlay {\n  background-color: rgba(0, 0, 0, 0.3);\n}\n#section_45094400 .section-bg.bg-loaded {\n  background-image: url(https:\/\/digitalfinance.org.vn\/2024\/wp-content\/uploads\/2024\/06\/03.-Sponsor-Exhibit-03.png);\n}\n#section_45094400 .section-bg {\n  background-position: 50% 50%;\n}\n<\/style>\n\t<\/section>\n\t\n\t<section class=\"section\" id=\"section_2091487124\">\n\t\t<div class=\"bg section-bg fill bg-fill  \" >\n\n\t\t\t\n\t\t\t\n\t\t\t\n\t<div class=\"is-border\"\n\t\tstyle=\"border-color:rgb(235, 235, 235);border-width:0 0px 0px 0px;margin:0 0px 0px 0px;\">\n\t<\/div>\n\n\t\t<\/div><!-- .section-bg -->\n\n\t\t<div class=\"section-content relative\">\n\t\t\t\n<div class=\"row\"  id=\"row-949449543\">\n<div class=\"col pb-0 small-12 large-12\"  ><div class=\"col-inner\"  >\n<p style=\"text-align: center;\"><span style=\"color: #ffffff;\"><img loading=\"lazy\" decoding=\"async\" class=\"aligncenter wp-image-8228 size-full\" src=\"https:\/\/digitalfinance.org.vn\/2024\/wp-content\/uploads\/2024\/06\/logo-2.png\" alt=\"\" width=\"500\" height=\"161\" srcset=\"https:\/\/digitalfinance.org.vn\/2024\/wp-content\/uploads\/2024\/06\/logo-2.png 500w, https:\/\/digitalfinance.org.vn\/2024\/wp-content\/uploads\/2024\/06\/logo-2-300x97.png 300w\" sizes=\"(max-width: 500px) 100vw, 500px\" \/><\/span><\/p>\n<h2 class=\"text-center ss-title\" style=\"text-align: center;\"><span style=\"color: #ffffff;\"><strong><span class=\"text-gradient\">Vietnam Digital Finance 2024: <br \/>B\u1ee9t ph\u00e1 ti\u1ec1m n\u0103ng, ki\u1ebfn t\u1ea1o t\u01b0\u01a1ng lai t\u00e0i ch\u00ednh s\u1ed1 b\u1ec1n v\u1eefng!<\/span><\/strong><\/span><\/h2>\n<div style=\"text-align: justify;\"><span style=\"color: #ffffff;\"><strong>H\u1ed9i th\u1ea3o &#8211; Tri\u1ec3n l\u00e3m Vietnam Digital Finance 2024<\/strong>, h\u1ee9a h\u1eb9n tr\u1edf th\u00e0nh s\u1ef1 ki\u1ec7n chuy\u00ean ng\u00e0nh h\u00e0ng \u0111\u1ea7u v\u1ec1 chuy\u1ec3n \u0111\u1ed5i s\u1ed1 ng\u00e0nh T\u00e0i ch\u00ednh t\u1ea1i Vi\u1ec7t Nam. Quy t\u1ee5 d\u00e0n chuy\u00ean gia \u0111\u1ea7u ng\u00e0nh, Vietnam Digital Finance 2024 mang \u0111\u1ebfn nh\u1eefng chia s\u1ebb v\u00e0 th\u1ea3o lu\u1eadn chuy\u00ean s\u00e2u v\u1ec1 c\u00e1c ch\u1ee7 \u0111\u1ec1 n\u00f3ng h\u1ed5i nh\u01b0 xu h\u01b0\u1edbng \u0111\u1ed9t ph\u00e1 v\u00e0 chi\u1ebfn l\u01b0\u1ee3c d\u1eabn \u0111\u1ea7u trong chuy\u1ec3n \u0111\u1ed5i s\u1ed1 ng\u00e0nh T\u00e0i ch\u00ednh, gi\u1ea3i ph\u00e1p c\u00f4ng ngh\u1ec7 ti\u00ean ti\u1ebfn, kinh nghi\u1ec7m th\u1ef1c ti\u1ec5n t\u1eeb c\u00e1c doanh nghi\u1ec7p \u0111i \u0111\u1ea7u trong chuy\u1ec3n \u0111\u1ed5i s\u1ed1, mang \u0111\u1ebfn g\u00f3c nh\u00ecn th\u1ef1c t\u1ebf v\u00e0 b\u00e0i h\u1ecdc qu\u00fd gi\u00e1 v\u00e0 c\u1ea3 \u0111\u1ecbnh h\u01b0\u1edbng ph\u00e1t tri\u1ec3n t\u00e0i ch\u00ednh s\u1ed1 b\u1ec1n v\u1eefng, l\u1ea5y ng\u01b0\u1eddi d\u00e2n v\u00e0 doanh nghi\u1ec7p l\u00e0m trung t\u00e2m.<\/span><\/p>\n<p><span style=\"color: #ffffff;\">Kh\u00f4ng ch\u1ec9 v\u1eady, <strong>Tri\u1ec3n l\u00e3m Vietnam Digital Finance 2024<\/strong> quy t\u1ee5 h\u01a1n 20 nh\u00e0 cung c\u1ea5p c\u00f4ng ngh\u1ec7 h\u00e0ng \u0111\u1ea7u th\u1ebf gi\u1edbi, gi\u1edbi thi\u1ec7u nh\u1eefng gi\u1ea3i ph\u00e1p ti\u00ean ti\u1ebfn nh\u1ea5t, h\u1ed7 tr\u1ee3 t\u1ed1i \u01b0u cho qu\u00e1 tr\u00ecnh chuy\u1ec3n \u0111\u1ed5i s\u1ed1 c\u1ee7a c\u00e1c t\u1ed5 ch\u1ee9c t\u00e0i ch\u00ednh.<\/span><\/p>\n<p><span style=\"color: #ffffff;\"><strong>Vietnam Digital Finance 2024<\/strong> ch\u00ednh l\u00e0 m\u1ed9t s\u1ef1 ki\u1ec7n kh\u00f4ng th\u1ec3 b\u1ecf qua d\u00e0nh cho l\u00e3nh \u0111\u1ea1o c\u1ea5p cao, nh\u00e0 qu\u1ea3n l\u00fd, chuy\u00ean gia trong l\u0129nh v\u1ef1c t\u00e0i ch\u00ednh, ng\u00e2n h\u00e0ng, b\u1ea3o hi\u1ec3m, ch\u1ee9ng kho\u00e1n,&#8230;, c\u00e1c doanh nghi\u1ec7p \u0111ang tri\u1ec3n khai ho\u1eb7c c\u00f3 k\u1ebf ho\u1ea1ch chuy\u1ec3n \u0111\u1ed5i s\u1ed1 v\u00e0 c\u00e1c nh\u00e0 cung c\u1ea5p gi\u1ea3i ph\u00e1p c\u00f4ng ngh\u1ec7 t\u00e0i ch\u00ednh.<\/span><\/p>\n<p><span style=\"color: #ffffff;\">\u0110\u00e2y l\u00e0 c\u01a1 h\u1ed9i v\u00e0ng \u0111\u1ec3 k\u1ebft n\u1ed1i, c\u1eadp nh\u1eadt xu h\u01b0\u1edbng v\u00e0 ki\u1ebfn th\u1ee9c chuy\u00ean s\u00e2u, t\u1eeb \u0111\u00f3 b\u1ee9t ph\u00e1 ti\u1ec1m n\u0103ng v\u00e0 ki\u1ebfn t\u1ea1o t\u01b0\u01a1ng lai t\u00e0i ch\u00ednh s\u1ed1 b\u1ec1n v\u1eefng cho Vi\u1ec7t Nam!<\/span><\/p>\n<\/div>\n<\/div><\/div>\n<\/div>\n<div class=\"row row-collapse align-equal\"  id=\"row-124638306\">\n<div class=\"col medium-6 large-6\"  ><div class=\"col-inner\"  >\n\n  <div class=\"banner has-hover\" id=\"banner-813056262\">\n          <div class=\"banner-inner fill\">\n        <div class=\"banner-bg fill\" >\n            <div class=\"bg fill bg-fill \"><\/div>\n                                    \n                    <\/div><!-- bg-layers -->\n        <div class=\"banner-layers container\">\n            <div class=\"fill banner-link\"><\/div>            \n        <\/div><!-- .banner-layers -->\n      <\/div><!-- .banner-inner -->\n\n            \n<style scope=\"scope\">\n\n#banner-813056262 {\n  padding-top: 300px;\n}\n#banner-813056262 .bg.bg-loaded {\n  background-image: url(https:\/\/digitalfinance.org.vn\/2024\/wp-content\/uploads\/2024\/06\/01.-Overview-19.png);\n}\n#banner-813056262 .bg {\n  background-position: 50% 50%;\n}\n<\/style>\n  <\/div><!-- .banner -->\n\n\n<\/div><\/div>\n<div class=\"col medium-6 large-6\"  ><div class=\"col-inner\" style=\"padding:30px 30px 30px 30px;\" >\n<h3 class=\"uppercase\"><span style=\"font-size: 100%;\"><strong><span style=\"color: #c3c3ff;\">C\u00c1C PHI\u00caN H\u1ed8I TH\u1ea2O<\/span><\/strong><\/span><\/h3>\n<div class=\"row row-collapse row-full-width align-middle row-divided\"  id=\"row-52881075\">\n<div class=\"col medium-3 large-3\"  ><div class=\"col-inner text-center\"  >\n\t<div class=\"img has-hover x md-x lg-x y md-y lg-y\" id=\"image_1258094907\">\n\t\t\t\t\t\t\t\t<div class=\"img-inner dark\" >\n\t\t\t<img loading=\"lazy\" decoding=\"async\" width=\"140\" height=\"140\" src=\"https:\/\/digitalfinance.org.vn\/2024\/wp-content\/uploads\/2024\/06\/01.-Overview-15.png\" class=\"attachment-original size-original\" alt=\"\" \/>\t\t\t\t\t\t\n\t\t\t\t\t<\/div>\n\t\t\t\t\t\t\t\t\n<style scope=\"scope\">\n\n#image_1258094907 {\n  width: 84%;\n}\n<\/style>\n\t<\/div>\n\t\n<\/div><\/div>\n<div class=\"col medium-9 large-9\"  ><div class=\"col-inner\" style=\"padding:0px 20px 0px 20px;\" >\n<p style=\"text-align: justify;\"><span style=\"color: #ffffff;\">N\u01a1i chia s\u1ebb nh\u1eefng kinh nghi\u1ec7m th\u1ef1c ti\u1ec5n, th\u1ea3o lu\u1eadn gi\u1ea3i ph\u00e1p v\u00e0 c\u1eadp nh\u1eadt xu h\u01b0\u1edbng m\u1edbi nh\u1ea5t v\u1ec1 chuy\u1ec3n \u0111\u1ed5i s\u1ed1 ng\u00e0nh t\u00e0i ch\u00ednh qua c\u00e1c ph\u1ea7n tr\u00ecnh b\u00e0y v\u00e0 th\u1ea3o lu\u1eadn chuy\u00ean s\u00e2u.<\/span><\/p>\n<\/div><\/div>\n\n<style scope=\"scope\">\n\n<\/style>\n<\/div>\n<\/div><\/div>\n\n<style scope=\"scope\">\n\n#row-124638306 > .col > .col-inner {\n  padding: 0 0px 0px 0px;\n}\n<\/style>\n<\/div>\n<div class=\"row row-collapse align-equal\"  id=\"row-982482904\">\n<div class=\"col medium-6 large-6\"  ><div class=\"col-inner\" style=\"padding:30px 30px 30px 30px;\" >\n<h3 class=\"uppercase\"><span style=\"font-size: 100%;\"><strong><span style=\"color: #fc671c;\">G\u1eb6P G\u1ee0 C\u00c1C CHUY\u00caN GIA\/DI\u1ec4N GI\u1ea2 H\u00c0NG \u0110\u1ea6U<\/span><\/strong><\/span><\/h3>\n<div class=\"row row-collapse row-full-width align-middle row-divided\"  id=\"row-1044914667\">\n<div class=\"col medium-3 large-3\"  ><div class=\"col-inner text-center\"  >\n\t<div class=\"img has-hover x md-x lg-x y md-y lg-y\" id=\"image_419041635\">\n\t\t\t\t\t\t\t\t<div class=\"img-inner dark\" >\n\t\t\t<img loading=\"lazy\" decoding=\"async\" width=\"149\" height=\"136\" src=\"https:\/\/digitalfinance.org.vn\/2024\/wp-content\/uploads\/2024\/06\/01.-Overview-16.png\" class=\"attachment-original size-original\" alt=\"\" \/>\t\t\t\t\t\t\n\t\t\t\t\t<\/div>\n\t\t\t\t\t\t\t\t\n<style scope=\"scope\">\n\n#image_419041635 {\n  width: 84%;\n}\n<\/style>\n\t<\/div>\n\t\n<\/div><\/div>\n<div class=\"col medium-9 large-9\"  ><div class=\"col-inner\" style=\"padding:0px 20px 0px 20px;\" >\n<p style=\"text-align: justify;\"><span style=\"color: #ffffff;\">C\u01a1 h\u1ed9i v\u00e0ng \u0111\u1ec3 t\u01b0\u01a1ng t\u00e1c, l\u1eafng nghe chia s\u1ebb v\u00e0 nh\u1eadn l\u1eddi khuy\u00ean h\u1eefu \u00edch t\u1eeb c\u00e1c chuy\u00ean gia t\u00e0i ch\u00ednh h\u00e0ng \u0111\u1ea7u, th\u00fac \u0111\u1ea9y qu\u00e1 tr\u00ecnh chuy\u1ec3n \u0111\u1ed5i s\u1ed1 ng\u00e0nh T\u00e0i ch\u00ednh nhanh ch\u00f3ng, b\u1ec1n v\u1eefng v\u00e0 b\u1ee9t ph\u00e1 ti\u1ec1m n\u0103ng, ki\u1ebfn t\u1ea1o t\u01b0\u01a1ng lai t\u00e0i ch\u00ednh s\u1ed1!<\/span><\/p>\n<\/div><\/div>\n\n<style scope=\"scope\">\n\n<\/style>\n<\/div>\n<\/div><\/div>\n<div class=\"col medium-6 large-6\"  ><div class=\"col-inner\"  >\n\n  <div class=\"banner has-hover\" id=\"banner-1848667599\">\n          <div class=\"banner-inner fill\">\n        <div class=\"banner-bg fill\" >\n            <div class=\"bg fill bg-fill \"><\/div>\n                                    \n                    <\/div><!-- bg-layers -->\n        <div class=\"banner-layers container\">\n            <div class=\"fill banner-link\"><\/div>            \n        <\/div><!-- .banner-layers -->\n      <\/div><!-- .banner-inner -->\n\n            \n<style scope=\"scope\">\n\n#banner-1848667599 {\n  padding-top: 300px;\n}\n#banner-1848667599 .bg.bg-loaded {\n  background-image: url(https:\/\/digitalfinance.org.vn\/2024\/wp-content\/uploads\/2024\/06\/01.-Overview-20.png);\n}\n#banner-1848667599 .bg {\n  background-position: 50% 58%;\n}\n<\/style>\n  <\/div><!-- .banner -->\n\n\n<\/div><\/div>\n\n<style scope=\"scope\">\n\n#row-982482904 > .col > .col-inner {\n  padding: 0 0px 0px 0px;\n}\n<\/style>\n<\/div>\n<div class=\"row row-collapse align-equal\"  id=\"row-177917754\">\n<div class=\"col medium-6 large-6\"  ><div class=\"col-inner\"  >\n\n  <div class=\"banner has-hover\" id=\"banner-1601451759\">\n          <div class=\"banner-inner fill\">\n        <div class=\"banner-bg fill\" >\n            <div class=\"bg fill bg-fill \"><\/div>\n                                    \n                    <\/div><!-- bg-layers -->\n        <div class=\"banner-layers container\">\n            <div class=\"fill banner-link\"><\/div>            \n        <\/div><!-- .banner-layers -->\n      <\/div><!-- .banner-inner -->\n\n            \n<style scope=\"scope\">\n\n#banner-1601451759 {\n  padding-top: 300px;\n}\n#banner-1601451759 .bg.bg-loaded {\n  background-image: url(https:\/\/digitalfinance.org.vn\/2024\/wp-content\/uploads\/2024\/06\/01.-Overview-21.png);\n}\n#banner-1601451759 .bg {\n  background-position: 50% 58%;\n}\n<\/style>\n  <\/div><!-- .banner -->\n\n\n<\/div><\/div>\n<div class=\"col medium-6 large-6\"  ><div class=\"col-inner\" style=\"padding:30px 30px 30px 30px;\" >\n<h3 class=\"uppercase\"><span style=\"color: #7fd6ff;\"><strong>QUY T\u1ee4 NH\u1eeeNG GI\u1ea2I PH\u00c1P C\u00d4NG NGH\u1ec6 TI\u00caN TI\u1ebeN<\/strong><\/span><\/h3>\n<div class=\"row row-collapse row-full-width align-middle row-divided\"  id=\"row-763130315\">\n<div class=\"col medium-3 large-3\"  ><div class=\"col-inner text-center\"  >\n\t<div class=\"img has-hover x md-x lg-x y md-y lg-y\" id=\"image_1061663827\">\n\t\t\t\t\t\t\t\t<div class=\"img-inner dark\" >\n\t\t\t<img loading=\"lazy\" decoding=\"async\" width=\"143\" height=\"142\" src=\"https:\/\/digitalfinance.org.vn\/2024\/wp-content\/uploads\/2024\/06\/01.-Overview-17.png\" class=\"attachment-original size-original\" alt=\"\" \/>\t\t\t\t\t\t\n\t\t\t\t\t<\/div>\n\t\t\t\t\t\t\t\t\n<style scope=\"scope\">\n\n#image_1061663827 {\n  width: 70%;\n}\n<\/style>\n\t<\/div>\n\t\n<\/div><\/div>\n<div class=\"col medium-9 large-9\"  ><div class=\"col-inner\" style=\"padding:0px 20px 0px 20px;\" >\n<p style=\"text-align: justify;\"><span style=\"color: #ffffff;\">Tr\u1ea3i nghi\u1ec7m tr\u1ef1c ti\u1ebfp c\u00e1c gi\u1ea3i ph\u00e1p c\u00f4ng ngh\u1ec7 t\u00e0i ch\u00ednh ti\u00ean ti\u1ebfn nh\u1ea5t, trao \u0111\u1ed5i v\u00e0 t\u00ecm hi\u1ec3u t\u1eeb c\u00e1c \u0111\u01a1n v\u1ecb cung c\u1ea5p gi\u1ea3i ph\u00e1p h\u00e0ng \u0111\u1ea7u, kh\u00e1m ph\u00e1 nh\u1eefng xu h\u01b0\u1edbng c\u00f4ng ngh\u1ec7 m\u1edbi nh\u1ea5t g\u00f3p ph\u1ea7n \u0111\u1ecbnh h\u00ecnh t\u01b0\u01a1ng lai ng\u00e0nh T\u00e0i ch\u00ednh<\/span><\/p>\n<\/div><\/div>\n\n<style scope=\"scope\">\n\n<\/style>\n<\/div>\n<\/div><\/div>\n\n<style scope=\"scope\">\n\n#row-177917754 > .col > .col-inner {\n  padding: 0 0px 0px 0px;\n}\n<\/style>\n<\/div>\n<div class=\"row row-collapse align-equal\"  id=\"row-584601223\">\n<div class=\"col medium-6 large-6\"  ><div class=\"col-inner\" style=\"padding:30px 30px 30px 30px;\" >\n<h2 class=\"uppercase\"><strong><span style=\"color: #FF9FBF;\">C\u01a0 H\u1ed8I K\u1ebeT N\u1ed0I<\/span><\/strong><\/h2>\n<div class=\"row row-collapse row-full-width align-middle row-divided\"  id=\"row-1052584413\">\n<div class=\"col medium-3 large-3\"  ><div class=\"col-inner text-center\"  >\n\t<div class=\"img has-hover x md-x lg-x y md-y lg-y\" id=\"image_2051243262\">\n\t\t\t\t\t\t\t\t<div class=\"img-inner dark\" >\n\t\t\t<img loading=\"lazy\" decoding=\"async\" width=\"153\" height=\"155\" src=\"https:\/\/digitalfinance.org.vn\/2024\/wp-content\/uploads\/2024\/06\/01.-Overview-18.png\" class=\"attachment-original size-original\" alt=\"\" \/>\t\t\t\t\t\t\n\t\t\t\t\t<\/div>\n\t\t\t\t\t\t\t\t\n<style scope=\"scope\">\n\n#image_2051243262 {\n  width: 70%;\n}\n<\/style>\n\t<\/div>\n\t\n<\/div><\/div>\n<div class=\"col medium-9 large-9\"  ><div class=\"col-inner\" style=\"padding:0px 20px 0px 20px;\" >\n<p style=\"text-align: justify;\"><span style=\"color: #ffffff;\">G\u1eb7p g\u1ee1 \u0111\u1ed1i t\u00e1c ti\u1ec1m n\u0103ng, kh\u00e1m ph\u00e1 c\u01a1 h\u1ed9i h\u1ee3p t\u00e1c m\u1edbi, th\u00fac \u0111\u1ea9y t\u0103ng tr\u01b0\u1edfng, n\u00e2ng t\u1ea7m v\u00e0 kh\u1eb3ng \u0111\u1ecbnh v\u1ecb th\u1ebf doanh nghi\u1ec7p th\u00f4ng qua c\u00e1c ho\u1ea1t \u0111\u1ed9ng giao l\u01b0u.<\/span><\/p>\n<\/div><\/div>\n\n<style scope=\"scope\">\n\n<\/style>\n<\/div>\n<\/div><\/div>\n<div class=\"col medium-6 large-6\"  ><div class=\"col-inner\"  >\n\n  <div class=\"banner has-hover\" id=\"banner-1413979049\">\n          <div class=\"banner-inner fill\">\n        <div class=\"banner-bg fill\" >\n            <div class=\"bg fill bg-fill \"><\/div>\n                                    \n                    <\/div><!-- bg-layers -->\n        <div class=\"banner-layers container\">\n            <div class=\"fill banner-link\"><\/div>            \n        <\/div><!-- .banner-layers -->\n      <\/div><!-- .banner-inner -->\n\n            \n<style scope=\"scope\">\n\n#banner-1413979049 {\n  padding-top: 300px;\n}\n#banner-1413979049 .bg.bg-loaded {\n  background-image: url(https:\/\/digitalfinance.org.vn\/2024\/wp-content\/uploads\/2024\/06\/01.-Overview-22.png);\n}\n#banner-1413979049 .bg {\n  background-position: 50% 58%;\n}\n<\/style>\n  <\/div><!-- .banner -->\n\n\n<\/div><\/div>\n\n<style scope=\"scope\">\n\n#row-584601223 > .col > .col-inner {\n  padding: 0 0px 0px 0px;\n}\n<\/style>\n<\/div>\n\t\t<\/div><!-- .section-content -->\n\n\t\t\n<style scope=\"scope\">\n\n#section_2091487124 {\n  padding-top: 60px;\n  padding-bottom: 60px;\n}\n#section_2091487124 .section-bg.bg-loaded {\n  background-image: url(https:\/\/digitalfinance.org.vn\/2024\/wp-content\/uploads\/2024\/06\/nen-2-scaled.webp);\n}\n#section_2091487124 .section-bg {\n  background-position: 50% 100%;\n}\n<\/style>\n\t<\/section>\n\t\n","protected":false},"excerpt":{"rendered":"","protected":false},"author":4,"featured_media":0,"parent":2887,"menu_order":0,"comment_status":"closed","ping_status":"closed","template":"page-blank.php","meta":{"footnotes":""},"yoast_head":"<!-- This site is optimized with the Yoast SEO plugin v22.8 - https:\/\/yoast.com\/wordpress\/plugins\/seo\/ -->\n<title>T\u1ed5ng quan s\u1ef1 ki\u1ec7n - 3rd Vietnam Digital Finance 2024<\/title>\n<meta name=\"robots\" content=\"noindex, follow, max-snippet:-1, max-image-preview:large, max-video-preview:-1\" \/>\n<meta property=\"og:locale\" content=\"vi_VN\" \/>\n<meta property=\"og:type\" content=\"article\" \/>\n<meta property=\"og:title\" content=\"T\u1ed5ng quan s\u1ef1 ki\u1ec7n - 3rd Vietnam Digital Finance 2024\" \/>\n<meta property=\"og:url\" content=\"https:\/\/digitalfinance.org.vn\/2024\/tong-quan\/tong-quan-su-kien\/\" \/>\n<meta property=\"og:site_name\" content=\"3rd Vietnam Digital Finance 2024\" \/>\n<meta property=\"article:modified_time\" content=\"2024-06-16T20:27:56+00:00\" \/>\n<meta property=\"og:image\" content=\"https:\/\/digitalfinance.org.vn\/2024\/wp-content\/uploads\/2024\/06\/logo-2.png\" \/>\n<meta name=\"twitter:card\" content=\"summary_large_image\" \/>\n<meta name=\"twitter:label1\" content=\"Est. reading time\" \/>\n\t<meta name=\"twitter:data1\" content=\"4 minutes\" \/>\n<script type=\"application\/ld+json\" class=\"yoast-schema-graph\">{\"@context\":\"https:\/\/schema.org\",\"@graph\":[{\"@type\":\"WebPage\",\"@id\":\"https:\/\/digitalfinance.org.vn\/2024\/tong-quan\/tong-quan-su-kien\/\",\"url\":\"https:\/\/digitalfinance.org.vn\/2024\/tong-quan\/tong-quan-su-kien\/\",\"name\":\"T\u1ed5ng quan s\u1ef1 ki\u1ec7n - 3rd Vietnam Digital Finance 2024\",\"isPartOf\":{\"@id\":\"https:\/\/digitalfinance.org.vn\/2024\/#website\"},\"primaryImageOfPage\":{\"@id\":\"https:\/\/digitalfinance.org.vn\/2024\/tong-quan\/tong-quan-su-kien\/#primaryimage\"},\"image\":{\"@id\":\"https:\/\/digitalfinance.org.vn\/2024\/tong-quan\/tong-quan-su-kien\/#primaryimage\"},\"thumbnailUrl\":\"https:\/\/digitalfinance.org.vn\/2024\/wp-content\/uploads\/2024\/06\/logo-2.png\",\"datePublished\":\"2020-01-10T08:43:17+00:00\",\"dateModified\":\"2024-06-16T20:27:56+00:00\",\"breadcrumb\":{\"@id\":\"https:\/\/digitalfinance.org.vn\/2024\/tong-quan\/tong-quan-su-kien\/#breadcrumb\"},\"inLanguage\":\"vi-VN\",\"potentialAction\":[{\"@type\":\"ReadAction\",\"target\":[\"https:\/\/digitalfinance.org.vn\/2024\/tong-quan\/tong-quan-su-kien\/\"]}]},{\"@type\":\"ImageObject\",\"inLanguage\":\"vi-VN\",\"@id\":\"https:\/\/digitalfinance.org.vn\/2024\/tong-quan\/tong-quan-su-kien\/#primaryimage\",\"url\":\"https:\/\/digitalfinance.org.vn\/2024\/wp-content\/uploads\/2024\/06\/logo-2.png\",\"contentUrl\":\"https:\/\/digitalfinance.org.vn\/2024\/wp-content\/uploads\/2024\/06\/logo-2.png\",\"width\":500,\"height\":161},{\"@type\":\"BreadcrumbList\",\"@id\":\"https:\/\/digitalfinance.org.vn\/2024\/tong-quan\/tong-quan-su-kien\/#breadcrumb\",\"itemListElement\":[{\"@type\":\"ListItem\",\"position\":1,\"name\":\"T\u1ed4NG QUAN\",\"item\":\"https:\/\/digitalfinance.org.vn\/2024\/tong-quan\/\"},{\"@type\":\"ListItem\",\"position\":2,\"name\":\"T\u1ed5ng quan s\u1ef1 ki\u1ec7n\"}]},{\"@type\":\"WebSite\",\"@id\":\"https:\/\/digitalfinance.org.vn\/2024\/#website\",\"url\":\"https:\/\/digitalfinance.org.vn\/2024\/\",\"name\":\"3rd Vietnam Digital Finance 2024\",\"description\":\"\",\"potentialAction\":[{\"@type\":\"SearchAction\",\"target\":{\"@type\":\"EntryPoint\",\"urlTemplate\":\"https:\/\/digitalfinance.org.vn\/2024\/?s={search_term_string}\"},\"query-input\":\"required name=search_term_string\"}],\"inLanguage\":\"vi-VN\"}]}<\/script>\n<!-- \/ Yoast SEO plugin. -->","yoast_head_json":{"title":"T\u1ed5ng quan s\u1ef1 ki\u1ec7n - 3rd Vietnam Digital Finance 2024","robots":{"index":"noindex","follow":"follow","max-snippet":"max-snippet:-1","max-image-preview":"max-image-preview:large","max-video-preview":"max-video-preview:-1"},"og_locale":"vi_VN","og_type":"article","og_title":"T\u1ed5ng quan s\u1ef1 ki\u1ec7n - 3rd Vietnam Digital Finance 2024","og_url":"https:\/\/digitalfinance.org.vn\/2024\/tong-quan\/tong-quan-su-kien\/","og_site_name":"3rd Vietnam Digital Finance 2024","article_modified_time":"2024-06-16T20:27:56+00:00","og_image":[{"url":"https:\/\/digitalfinance.org.vn\/2024\/wp-content\/uploads\/2024\/06\/logo-2.png"}],"twitter_card":"summary_large_image","twitter_misc":{"Est. reading time":"4 minutes"},"schema":{"@context":"https:\/\/schema.org","@graph":[{"@type":"WebPage","@id":"https:\/\/digitalfinance.org.vn\/2024\/tong-quan\/tong-quan-su-kien\/","url":"https:\/\/digitalfinance.org.vn\/2024\/tong-quan\/tong-quan-su-kien\/","name":"T\u1ed5ng quan s\u1ef1 ki\u1ec7n - 3rd Vietnam Digital Finance 2024","isPartOf":{"@id":"https:\/\/digitalfinance.org.vn\/2024\/#website"},"primaryImageOfPage":{"@id":"https:\/\/digitalfinance.org.vn\/2024\/tong-quan\/tong-quan-su-kien\/#primaryimage"},"image":{"@id":"https:\/\/digitalfinance.org.vn\/2024\/tong-quan\/tong-quan-su-kien\/#primaryimage"},"thumbnailUrl":"https:\/\/digitalfinance.org.vn\/2024\/wp-content\/uploads\/2024\/06\/logo-2.png","datePublished":"2020-01-10T08:43:17+00:00","dateModified":"2024-06-16T20:27:56+00:00","breadcrumb":{"@id":"https:\/\/digitalfinance.org.vn\/2024\/tong-quan\/tong-quan-su-kien\/#breadcrumb"},"inLanguage":"vi-VN","potentialAction":[{"@type":"ReadAction","target":["https:\/\/digitalfinance.org.vn\/2024\/tong-quan\/tong-quan-su-kien\/"]}]},{"@type":"ImageObject","inLanguage":"vi-VN","@id":"https:\/\/digitalfinance.org.vn\/2024\/tong-quan\/tong-quan-su-kien\/#primaryimage","url":"https:\/\/digitalfinance.org.vn\/2024\/wp-content\/uploads\/2024\/06\/logo-2.png","contentUrl":"https:\/\/digitalfinance.org.vn\/2024\/wp-content\/uploads\/2024\/06\/logo-2.png","width":500,"height":161},{"@type":"BreadcrumbList","@id":"https:\/\/digitalfinance.org.vn\/2024\/tong-quan\/tong-quan-su-kien\/#breadcrumb","itemListElement":[{"@type":"ListItem","position":1,"name":"T\u1ed4NG QUAN","item":"https:\/\/digitalfinance.org.vn\/2024\/tong-quan\/"},{"@type":"ListItem","position":2,"name":"T\u1ed5ng quan s\u1ef1 ki\u1ec7n"}]},{"@type":"WebSite","@id":"https:\/\/digitalfinance.org.vn\/2024\/#website","url":"https:\/\/digitalfinance.org.vn\/2024\/","name":"3rd Vietnam Digital Finance 2024","description":"","potentialAction":[{"@type":"SearchAction","target":{"@type":"EntryPoint","urlTemplate":"https:\/\/digitalfinance.org.vn\/2024\/?s={search_term_string}"},"query-input":"required name=search_term_string"}],"inLanguage":"vi-VN"}]}},"_links":{"self":[{"href":"https:\/\/digitalfinance.org.vn\/2024\/wp-json\/wp\/v2\/pages\/2889"}],"collection":[{"href":"https:\/\/digitalfinance.org.vn\/2024\/wp-json\/wp\/v2\/pages"}],"about":[{"href":"https:\/\/digitalfinance.org.vn\/2024\/wp-json\/wp\/v2\/types\/page"}],"author":[{"embeddable":true,"href":"https:\/\/digitalfinance.org.vn\/2024\/wp-json\/wp\/v2\/users\/4"}],"replies":[{"embeddable":true,"href":"https:\/\/digitalfinance.org.vn\/2024\/wp-json\/wp\/v2\/comments?post=2889"}],"version-history":[{"count":60,"href":"https:\/\/digitalfinance.org.vn\/2024\/wp-json\/wp\/v2\/pages\/2889\/revisions"}],"predecessor-version":[{"id":8273,"href":"https:\/\/digitalfinance.org.vn\/2024\/wp-json\/wp\/v2\/pages\/2889\/revisions\/8273"}],"up":[{"embeddable":true,"href":"https:\/\/digitalfinance.org.vn\/2024\/wp-json\/wp\/v2\/pages\/2887"}],"wp:attachment":[{"href":"https:\/\/digitalfinance.org.vn\/2024\/wp-json\/wp\/v2\/media?parent=2889"}],"curies":[{"name":"wp","href":"https:\/\/api.w.org\/{rel}","templated":true}]}}