{"id":6971,"date":"2023-08-30T10:56:41","date_gmt":"2023-08-30T03:56:41","guid":{"rendered":"https:\/\/digitalfinance.org.vn\/2024\/?page_id=6971"},"modified":"2023-09-20T22:25:23","modified_gmt":"2023-09-20T15:25:23","slug":"ong-nguyen-nhu-quynh","status":"publish","type":"page","link":"https:\/\/digitalfinance.org.vn\/2024\/ong-nguyen-nhu-quynh\/","title":{"rendered":"\u00d4ng Nguy\u1ec5n Nh\u01b0 Qu\u1ef3nh"},"content":{"rendered":"\t<section class=\"section dark has-parallax\" id=\"section_1698030675\">\n\t\t<div class=\"bg section-bg fill bg-fill  \" data-parallax-container=\".section\" data-parallax-background data-parallax=\"-5\">\n\n\t\t\t\n\t\t\t<div class=\"section-bg-overlay absolute fill\"><\/div>\n\t\t\t\n\n\t\t<\/div><!-- .section-bg -->\n\n\t\t<div class=\"section-content relative\">\n\t\t\t\n<div class=\"row\"  id=\"row-1159525827\">\n<div class=\"col pb-0 small-12 large-12\"  ><div class=\"col-inner\"  >\n\t<div id=\"gap-1037971954\" class=\"gap-element clearfix\" style=\"display:block; height:auto;\">\n\t\t\n<style scope=\"scope\">\n\n#gap-1037971954 {\n  padding-top: 20px;\n}\n<\/style>\n\t<\/div>\n\t\n<h3 class=\"ss-title uppercase\">\u00d4NG NGUY\u1ec4N NH\u01af QU\u1ef2NH<\/h3>\n<\/div><\/div>\n<\/div>\n\t\t<\/div><!-- .section-content -->\n\n\t\t\n<style scope=\"scope\">\n\n#section_1698030675 {\n  padding-top: 60px;\n  padding-bottom: 60px;\n}\n#section_1698030675 .section-bg-overlay {\n  background-color: rgba(0, 0, 0, 0.4);\n}\n#section_1698030675 .section-bg.bg-loaded {\n  background-image: url(https:\/\/digitalfinance.org.vn\/2024\/wp-content\/uploads\/2023\/07\/footer1.jpg);\n}\n#section_1698030675 .section-bg {\n  background-position: 100% 0%;\n}\n<\/style>\n\t<\/section>\n\t\n\t<section class=\"section section-bg-pattern\" id=\"section_1488105713\">\n\t\t<div class=\"bg section-bg fill bg-fill  bg-loaded\" >\n\n\t\t\t\n\t\t\t\n\t\t\t\n\n\t\t<\/div><!-- .section-bg -->\n\n\t\t<div class=\"section-content relative\">\n\t\t\t\n<div class=\"row align-center\"  id=\"row-1936651946\">\n<div class=\"col medium-3 small-12 large-3\"  ><div class=\"col-inner text-shadow-2\"  >\n    <div class=\"box has-hover has-hover box-bounce box-text-bottom\" >\n\n                  <div class=\"box-image \" >\n           <div class=\"box-image-inner image-cover\" style=\"padding-top:100%;\">\n              <img loading=\"lazy\" decoding=\"async\" width=\"320\" height=\"320\" src=\"https:\/\/digitalfinance.org.vn\/2024\/wp-content\/uploads\/2023\/08\/Tien-si-Nguyen-Nhu-Quynh.png\" class=\"attachment-original size-original\" alt=\"\" srcset=\"https:\/\/digitalfinance.org.vn\/2024\/wp-content\/uploads\/2023\/08\/Tien-si-Nguyen-Nhu-Quynh.png 320w, https:\/\/digitalfinance.org.vn\/2024\/wp-content\/uploads\/2023\/08\/Tien-si-Nguyen-Nhu-Quynh-300x300.png 300w, https:\/\/digitalfinance.org.vn\/2024\/wp-content\/uploads\/2023\/08\/Tien-si-Nguyen-Nhu-Quynh-150x150.png 150w\" sizes=\"(max-width: 320px) 100vw, 320px\" \/>                         <\/div>\n          <\/div><!-- box-image -->\n         \n          <div class=\"box-text text-center\" style=\"background-color:rgb(255, 255, 255);\">\n                <div class=\"box-text-inner\">\n                  <h4 class=\"uppercase\">\n                    <span class=\"person-name\">\u00d4NG Nguy\u1ec5n Nh\u01b0 Qu\u1ef3nh<\/span><br\/>\n                    <span class=\"person-title is-small thin-font op-7\">\n                      Vi\u1ec7n Tr\u01b0\u1edfng, Vi\u1ec7n Chi\u1ebfn l\u01b0\u1ee3c v\u00e0 Ch\u00ednh s\u00e1ch t\u00e0i ch\u00ednh                    <\/span>\n                  <\/h4>\n                 <div class=\"social-icons follow-icons\" ><\/div>                 \n                <\/div><!-- box-text-inner -->\n          <\/div><!-- box-text -->\n    <\/div><!-- .box  -->\n\n    \n    \n<\/div><\/div>\n<div class=\"col medium-9 small-12 large-9\"  ><div class=\"col-inner\"  >\n<div class=\"container section-title-container\" ><h3 class=\"section-title section-title-normal\"><b><\/b><span class=\"section-title-main\" style=\"color:rgb(0, 0, 0);\">TI\u1ec2U S\u1eec<\/span><b><\/b><\/h3><\/div><!-- .section-title -->\n<div>\u00d4ng Nguy\u1ec5n Nh\u01b0 Qu\u1ef3nh t\u1ed1t nghi\u1ec7p Ti\u1ebfn s\u0129 Kinh t\u1ebf v\u00e0 Th\u1ea1c s\u0129 T\u00e0i ch\u00ednh c\u00f4ng t\u1ea1i Nh\u1eadt B\u1ea3n. \u00d4ng Qu\u1ef3nh \u0111\u00e3 c\u00f3 th\u1eddi gian h\u01a1n 23 n\u0103m c\u00f4ng t\u00e1c trong ng\u00e0nh T\u00e0i ch\u00ednh; \u0111\u00e3 \u0111\u1ea3m nhi\u1ec7m c\u00e1c ch\u1ee9c v\u1ee5 Tr\u01b0\u1edfng ph\u00f2ng V\u0103n ph\u00f2ng B\u1ed9 T\u00e0i ch\u00ednh, \u1ee6y vi\u00ean H\u0110QT ki\u00eam Ph\u00f3 T\u1ed5ng Gi\u00e1m \u0111\u1ed1c ph\u1ee5 tr\u00e1ch S\u1edf GDCK H\u00e0 N\u1ed9i; Ph\u00f3 Vi\u1ec7n tr\u01b0\u1edfng Ph\u1ee5 tr\u00e1ch \u0111i\u1ec1u h\u00e0nh, Vi\u1ec7n tr\u01b0\u1edfng Vi\u1ec7n Chi\u1ebfn l\u01b0\u1ee3c v\u00e0 Ch\u00ednh s\u00e1ch t\u00e0i ch\u00ednh.<\/div>\n<div><\/div>\n<div>N\u0103m 2021, Vi\u1ec7n Chi\u1ebfn l\u01b0\u1ee3c v\u00e0 Ch\u00ednh s\u00e1ch t\u00e0i ch\u00ednh \u0111\u01b0\u1ee3c L\u00e3nh \u0111\u1ea1o B\u1ed9 T\u00e0i ch\u00ednh giao ch\u1ee7 tr\u00ec nghi\u00ean c\u1ee9u, x\u00e2y d\u1ef1ng Chi\u1ebfn l\u01b0\u1ee3c T\u00e0i ch\u00ednh giai \u0111o\u1ea1n 2021 &#8211; 2030 nh\u1eb1m c\u1ee5 th\u1ec3 h\u00f3a c\u00e1c ch\u1ee7 tr\u01b0\u01a1ng, \u0111\u1ecbnh h\u01b0\u1edbng l\u1edbn c\u1ee7a \u0110\u1ea3ng v\u00e0 Nh\u00e0 n\u01b0\u1edbc li\u00ean quan \u0111\u1ebfn l\u0129nh v\u1ef1c t\u00e0i ch\u00ednh &#8211; ng\u00e2n s\u00e1ch nh\u00e0 n\u01b0\u1edbc giai \u0111o\u1ea1n 10 n\u0103m t\u1edbi. Theo \u0111\u00f3, \u00f4ng Qu\u1ef3nh \u0111\u00e3 ch\u1ec9 \u0111\u1ea1o tri\u1ec3n khai x\u00e2y d\u1ef1ng \u0110\u1ec1 \u00e1n Chi\u1ebfn l\u01b0\u1ee3c t\u00e0i ch\u00ednh \u0111\u1ebfn n\u0103m 2030 v\u00e0 ng\u00e0y 21\/3\/2022, Th\u1ee7 t\u01b0\u1edbng Ch\u00ednh ph\u1ee7 \u0111\u00e3 ph\u00ea duy\u1ec7t Quy\u1ebft \u0111\u1ecbnh s\u1ed1 368\/Q\u0110-TTg v\u1ec1 Chi\u1ebfn l\u01b0\u1ee3c t\u00e0i ch\u00ednh \u0111\u1ebfn n\u0103m 2030.<\/div>\n<div class=\"text-center\"><div class=\"is-divider divider clearfix\" style=\"max-width:30%;height:2px;background-color:rgb(218, 80, 3);\"><\/div><\/div><!-- .divider -->\n<\/div><\/div>\n\n<style scope=\"scope\">\n\n<\/style>\n<\/div>\n\t\t<\/div><!-- .section-content -->\n\n\t\t\n<style scope=\"scope\">\n\n#section_1488105713 {\n  padding-top: 40px;\n  padding-bottom: 40px;\n}\n<\/style>\n\t<\/section>\n\t\n","protected":false},"excerpt":{"rendered":"","protected":false},"author":4,"featured_media":0,"parent":0,"menu_order":0,"comment_status":"closed","ping_status":"closed","template":"page-blank.php","meta":{"footnotes":""},"yoast_head":"<!-- This site is optimized with the Yoast SEO plugin v22.8 - https:\/\/yoast.com\/wordpress\/plugins\/seo\/ -->\n<title>\u00d4ng Nguy\u1ec5n Nh\u01b0 Qu\u1ef3nh - 3rd Vietnam Digital Finance 2024<\/title>\n<meta name=\"robots\" content=\"noindex, follow, max-snippet:-1, max-image-preview:large, max-video-preview:-1\" \/>\n<meta property=\"og:locale\" content=\"vi_VN\" \/>\n<meta property=\"og:type\" content=\"article\" \/>\n<meta property=\"og:title\" content=\"\u00d4ng Nguy\u1ec5n Nh\u01b0 Qu\u1ef3nh - 3rd Vietnam Digital Finance 2024\" \/>\n<meta property=\"og:url\" content=\"https:\/\/digitalfinance.org.vn\/2024\/ong-nguyen-nhu-quynh\/\" \/>\n<meta property=\"og:site_name\" content=\"3rd Vietnam Digital Finance 2024\" \/>\n<meta property=\"article:modified_time\" content=\"2023-09-20T15:25:23+00:00\" \/>\n<meta name=\"twitter:card\" content=\"summary_large_image\" \/>\n<meta name=\"twitter:label1\" content=\"Est. reading time\" \/>\n\t<meta name=\"twitter:data1\" content=\"2 minutes\" \/>\n<script type=\"application\/ld+json\" class=\"yoast-schema-graph\">{\"@context\":\"https:\/\/schema.org\",\"@graph\":[{\"@type\":\"WebPage\",\"@id\":\"https:\/\/digitalfinance.org.vn\/2024\/ong-nguyen-nhu-quynh\/\",\"url\":\"https:\/\/digitalfinance.org.vn\/2024\/ong-nguyen-nhu-quynh\/\",\"name\":\"\u00d4ng Nguy\u1ec5n Nh\u01b0 Qu\u1ef3nh - 3rd Vietnam Digital Finance 2024\",\"isPartOf\":{\"@id\":\"https:\/\/digitalfinance.org.vn\/2024\/#website\"},\"datePublished\":\"2023-08-30T03:56:41+00:00\",\"dateModified\":\"2023-09-20T15:25:23+00:00\",\"inLanguage\":\"vi-VN\",\"potentialAction\":[{\"@type\":\"ReadAction\",\"target\":[\"https:\/\/digitalfinance.org.vn\/2024\/ong-nguyen-nhu-quynh\/\"]}]},{\"@type\":\"WebSite\",\"@id\":\"https:\/\/digitalfinance.org.vn\/2024\/#website\",\"url\":\"https:\/\/digitalfinance.org.vn\/2024\/\",\"name\":\"3rd Vietnam Digital Finance 2024\",\"description\":\"\",\"potentialAction\":[{\"@type\":\"SearchAction\",\"target\":{\"@type\":\"EntryPoint\",\"urlTemplate\":\"https:\/\/digitalfinance.org.vn\/2024\/?s={search_term_string}\"},\"query-input\":\"required name=search_term_string\"}],\"inLanguage\":\"vi-VN\"}]}<\/script>\n<!-- \/ Yoast SEO plugin. -->","yoast_head_json":{"title":"\u00d4ng Nguy\u1ec5n Nh\u01b0 Qu\u1ef3nh - 3rd Vietnam Digital Finance 2024","robots":{"index":"noindex","follow":"follow","max-snippet":"max-snippet:-1","max-image-preview":"max-image-preview:large","max-video-preview":"max-video-preview:-1"},"og_locale":"vi_VN","og_type":"article","og_title":"\u00d4ng Nguy\u1ec5n Nh\u01b0 Qu\u1ef3nh - 3rd Vietnam Digital Finance 2024","og_url":"https:\/\/digitalfinance.org.vn\/2024\/ong-nguyen-nhu-quynh\/","og_site_name":"3rd Vietnam Digital Finance 2024","article_modified_time":"2023-09-20T15:25:23+00:00","twitter_card":"summary_large_image","twitter_misc":{"Est. reading time":"2 minutes"},"schema":{"@context":"https:\/\/schema.org","@graph":[{"@type":"WebPage","@id":"https:\/\/digitalfinance.org.vn\/2024\/ong-nguyen-nhu-quynh\/","url":"https:\/\/digitalfinance.org.vn\/2024\/ong-nguyen-nhu-quynh\/","name":"\u00d4ng Nguy\u1ec5n Nh\u01b0 Qu\u1ef3nh - 3rd Vietnam Digital Finance 2024","isPartOf":{"@id":"https:\/\/digitalfinance.org.vn\/2024\/#website"},"datePublished":"2023-08-30T03:56:41+00:00","dateModified":"2023-09-20T15:25:23+00:00","inLanguage":"vi-VN","potentialAction":[{"@type":"ReadAction","target":["https:\/\/digitalfinance.org.vn\/2024\/ong-nguyen-nhu-quynh\/"]}]},{"@type":"WebSite","@id":"https:\/\/digitalfinance.org.vn\/2024\/#website","url":"https:\/\/digitalfinance.org.vn\/2024\/","name":"3rd Vietnam Digital Finance 2024","description":"","potentialAction":[{"@type":"SearchAction","target":{"@type":"EntryPoint","urlTemplate":"https:\/\/digitalfinance.org.vn\/2024\/?s={search_term_string}"},"query-input":"required name=search_term_string"}],"inLanguage":"vi-VN"}]}},"_links":{"self":[{"href":"https:\/\/digitalfinance.org.vn\/2024\/wp-json\/wp\/v2\/pages\/6971"}],"collection":[{"href":"https:\/\/digitalfinance.org.vn\/2024\/wp-json\/wp\/v2\/pages"}],"about":[{"href":"https:\/\/digitalfinance.org.vn\/2024\/wp-json\/wp\/v2\/types\/page"}],"author":[{"embeddable":true,"href":"https:\/\/digitalfinance.org.vn\/2024\/wp-json\/wp\/v2\/users\/4"}],"replies":[{"embeddable":true,"href":"https:\/\/digitalfinance.org.vn\/2024\/wp-json\/wp\/v2\/comments?post=6971"}],"version-history":[{"count":21,"href":"https:\/\/digitalfinance.org.vn\/2024\/wp-json\/wp\/v2\/pages\/6971\/revisions"}],"predecessor-version":[{"id":7811,"href":"https:\/\/digitalfinance.org.vn\/2024\/wp-json\/wp\/v2\/pages\/6971\/revisions\/7811"}],"wp:attachment":[{"href":"https:\/\/digitalfinance.org.vn\/2024\/wp-json\/wp\/v2\/media?parent=6971"}],"curies":[{"name":"wp","href":"https:\/\/api.w.org\/{rel}","templated":true}]}}